{"id":96,"date":"2023-12-22T22:11:13","date_gmt":"2023-12-22T22:11:13","guid":{"rendered":"http:\/\/vargas-solar.com\/aequitas\/?page_id=96"},"modified":"2025-12-16T19:18:10","modified_gmt":"2025-12-16T19:18:10","slug":"presentations","status":"publish","type":"page","link":"https:\/\/aequitas.projet.liris.cnrs.fr\/index.php\/presentations\/","title":{"rendered":"Communication"},"content":{"rendered":"\n<ul class=\"wp-block-list\">\n<li>Pr\u00e9sentations \u00e0 l&#8217;AG du LIRIS &#8211; <a href=\"https:\/\/drive.google.com\/file\/d\/1VEfgwe-QIUUZdBeVRMatAXvED1Jb_IX3\/view?usp=sharing\" target=\"_blank\" rel=\"noreferrer noopener\">2023<\/a>, <a href=\"https:\/\/drive.google.com\/file\/d\/1tk37gSe8egvyyDuy8WK7uG9tIq6Lgdku\/view?usp=sharing\" target=\"_blank\" rel=\"noreferrer noopener\">2024<\/a><\/li>\n\n\n\n<li>Egalit\u00e9 femmes-hommes, accueil des nouvelles\/aux doctorant.e.s au LIRIS, <a href=\"https:\/\/drive.google.com\/file\/d\/1LJa71w7CWZPkCu9ua3bqWo-hKaFtNtQh\/view?usp=sharing\" target=\"_blank\" rel=\"noreferrer noopener\">2022<\/a>, <a href=\"https:\/\/drive.google.com\/file\/d\/18Qltz72AUczrK1NXNI3i8Oyh2UYmyn73\/view?usp=sharing\" target=\"_blank\" rel=\"noreferrer noopener\">2023<\/a>, <a href=\"https:\/\/drive.google.com\/file\/d\/148ib3B21bkCmbvW8f6lgCJ6JATOZTz4o\/view?usp=sharing\" target=\"_blank\" rel=\"noreferrer noopener\">2024<\/a>, <a href=\"https:\/\/drive.google.com\/file\/d\/1eFdviJG3YU5rnaDaMbn4pCVVIOIP-79s\/view?usp=sharing\" target=\"_blank\" rel=\"noreferrer noopener\">2025<\/a><\/li>\n\n\n\n<li>Commission \u00e9galit\u00e9 femmes-hommes, visite INSI2I, 11 mai 2022 (<a href=\"https:\/\/drive.google.com\/file\/d\/1csW6c1rslVvhgtKX8HH8ZDXGI9HoVmeE\/view?usp=sharing\" target=\"_blank\" rel=\"noreferrer noopener\">PDF<\/a>)<\/li>\n\n\n\n<li>Plan de travail: Commission \u00e9galit\u00e9 femmes-hommes, AG LIRIS 8 juillet 2022 (<a href=\"https:\/\/drive.google.com\/file\/d\/18oJKqqG-aWPOxrrhPSfYvmR8fXBYmqwQ\/view?usp=sharing\" target=\"_blank\" rel=\"noreferrer noopener\">PDF<\/a>)<\/li>\n\n\n\n<li>\u00c9galit\u00e9 femmes-hommes pour les jeunes, accueil des nouvelles\/aux doctorant.e.s au LIRIS, 20 octobre 2022<\/li>\n\n\n\n<li>Pr\u00e9sentation Matilda (11\/02 Journ\u00e9e femmes et filles en science) &#8211; <a href=\"https:\/\/drive.google.com\/file\/d\/1ERNTILhp95rhaR91VNjfaY4BBTgAyT_1\/view?usp=sharing\" target=\"_blank\" rel=\"noreferrer noopener\">PDF<\/a> (Fran\u00e7ais &amp; Anglais)<\/li>\n<\/ul>\n\n\n\n<h4 class=\"wp-block-heading\">S\u00e9minaires<\/h4>\n\n\n\n<ul class=\"wp-block-list\">\n<li>Justice, inclusion, technology and the notion of progress in the countries of the global south, CRAFT Panel, ACM FACCT Conference, Rio de Janeiro, 2024 (Genoveva Vargas-Solar)<\/li>\n\n\n\n<li>Genoveva Vargas-Solar, Global Voices in Data: Navigating Responsible Management and Processing with Diverse Perspectives, SIGMOD 2024, DEI program, Santiago de Chile, 2024&nbsp;(http:\/\/vargas-solar.com\/dei-sigmod-pods-panel\/)<\/li>\n\n\n\n<li>Genoveva Vargas-Solar,&nbsp;Approches f\u00e9ministes et d\u00e9coloniales dans la gestion et l\u2019analyse de donn\u00e9es, octobre 2024(https:\/\/www.ircam.fr\/agenda\/approches-feministes-dans-la-recherche-en-sciences-informatiques-pratiques-scientifiques-et-artistiques\/detail)<\/li>\n\n\n\n<li>Genoveva Vargas-Solar, The Hidden Voice of Al:&nbsp;&nbsp;Navigating the Unseen Barriers to Inclusion in Scientific Discourse, Artificial intelligence, Inclusion and natural language processing, E-MIMIC project Bando 2022, Bertinoro, Novembre 2024<\/li>\n<\/ul>\n\n\n\n<h4 class=\"wp-block-heading\">Formations<\/h4>\n\n\n\n<ul class=\"wp-block-list\">\n<li>Participation \u00e0 la journ\u00e9e des COREGAL\u2019s de l\u2019INS2I \u00e0 Paris (G.Vargas-Solar)<\/li>\n\n\n\n<li>Participation \u00e0 la journ\u00e9e des COREGAL\u2019s de l\u2019INS2I on line (C. Ghedira-Gu\u00e9gan)<\/li>\n\n\n\n<li>Participation aux formations propos\u00e9es par le CNRS et par la commission diversit\u00e9 et \u00e9galit\u00e9 de l\u2019Universit\u00e9 Claude Bernard (Genoveva Vargas-Solar)<\/li>\n<\/ul>\n\n\n\n<p><\/p>\n","protected":false},"excerpt":{"rendered":"<p>S\u00e9minaires Formations<\/p>\n","protected":false},"author":3,"featured_media":0,"parent":0,"menu_order":0,"comment_status":"closed","ping_status":"closed","template":"","meta":{"footnotes":""},"class_list":["post-96","page","type-page","status-publish","hentry"],"_links":{"self":[{"href":"https:\/\/aequitas.projet.liris.cnrs.fr\/index.php\/wp-json\/wp\/v2\/pages\/96","targetHints":{"allow":["GET"]}}],"collection":[{"href":"https:\/\/aequitas.projet.liris.cnrs.fr\/index.php\/wp-json\/wp\/v2\/pages"}],"about":[{"href":"https:\/\/aequitas.projet.liris.cnrs.fr\/index.php\/wp-json\/wp\/v2\/types\/page"}],"author":[{"embeddable":true,"href":"https:\/\/aequitas.projet.liris.cnrs.fr\/index.php\/wp-json\/wp\/v2\/users\/3"}],"replies":[{"embeddable":true,"href":"https:\/\/aequitas.projet.liris.cnrs.fr\/index.php\/wp-json\/wp\/v2\/comments?post=96"}],"version-history":[{"count":6,"href":"https:\/\/aequitas.projet.liris.cnrs.fr\/index.php\/wp-json\/wp\/v2\/pages\/96\/revisions"}],"predecessor-version":[{"id":124884,"href":"https:\/\/aequitas.projet.liris.cnrs.fr\/index.php\/wp-json\/wp\/v2\/pages\/96\/revisions\/124884"}],"wp:attachment":[{"href":"https:\/\/aequitas.projet.liris.cnrs.fr\/index.php\/wp-json\/wp\/v2\/media?parent=96"}],"curies":[{"name":"wp","href":"https:\/\/api.w.org\/{rel}","templated":true}]}}